15*h**2 - 6*h. Let x be c(6). Suppose 50*m + x = a*m. What is the hundreds digit of m?
1
Suppose 2*v = d - 145, d - 142 = -4*v + 9*v. Let i = d - 35. What is the hundreds digit of i?
1
Let l(z) be the third derivative of 17*z**5/60 + 7*z**4/12 + 68*z**3/3 - 283*z**2. What is the hundreds digit of l(-6)?
6
Suppose 0 = -m - 250 + 2025. Suppose -5*y + m - 485 = 0. What is the hundreds digit of y?
2
Suppose -2*x + 2*a = -10466, -2*x + a + 1693 + 8767 = 0. What is the thousands digit of x?
5
Let r be (-1)/(12/4629*4/(-16)). Suppose -g - 300 = -r. What is the hundreds digit of g?
2
Let a = -172 - -173. What is the thousands digit of 2/a - (-1452 + -36)?
1
Let l(h) = h + 8. Let t(k) = -2*k - 15. Let x(u) = -13*l(u) - 6*t(u). Let y be x(12). What is the tens digit of 0 - 1 - (3 - -3)*y?
5
Let b = -10657 + 10800. What is the units digit of b?
3
Let i(z) = -2*z**2 + 637*z + 916. What is the hundreds digit of i(100)?
6
Suppose -2*c - 11*s + 12 = -6*s, -5*c + 2*s - 28 = 0. Let l(k) = -165*k - 32. What is the hundreds digit of l(c)?
6
Let r be 62*(0 + (-41)/(-2)). Let o = r - 439. What is the units digit of o?
2
Let f be ((-12)/(-9) - (-8)/(-6)) + 3. What is the hundreds digit of ((-225)/(-12))/(f/64)?
4
Let u be 2/(((-2)/(1 - -3))/(-3)). Let s be u/5 - 4/10. Suppose 0*h - 3*w = -s*h + 63, 0 = 4*h + 2*w - 166. What is the tens digit of h?
3
Let a = -243 - -362. Suppose a = -3*v - 2*b, -3*v + 4*b = 72 + 41. Let f = v - -142. What is the units digit of f?
3
Suppose -5*x + 5*t + 25860 = 0, 0 = -2*x + 5*t + 4625 + 5728. What is the units digit of x?
9
Suppose g - 23 - 526 = 0. Let f = -286 + g. What is the units digit of f?
3
Let d(r) = r**3 - 4*r**2 + 5*r - 4. Let i be d(3). Let t(v) = -22*v + 189. Let b be t(8). What is the tens digit of i/b - ((-1036)/26 + -6)?
4
Let j = 2323 + 2517. What is the units digit of j?
0
Suppose -9*g + 13*g = 3552. Suppose -g = -6*c - 0*c. Suppose 4*s + c = 6*s. What is the units digit of s?
4
Suppose -144*s + 1449044 - 157076 = 0. What is the units digit of s?
2
What is the hundreds digit of 2 - (-972772)/36 - (-9 + (-510)/(-54))?
0
Let r = 5000 - -6679. What is the hundreds digit of r?
6
What is the units digit of 194/(-291)*(0 + 3 + -7191)?
2
Suppose -71918 = -11*a + 291885. What is the ten thousands digit of a?
3
Let l = 5923 - -19619. What is the hundreds digit of l?
5
Let i = -713 - -951. Suppose 0 = 5*u - 10*u - 145. Let q = u + i. What is the units digit of q?
9
Suppose c + 4 = i, 11*c - 16 = -4*i + 12*c. Suppose 379 + 384 = r - i*s, -1533 = -2*r + s. What is the tens digit of r?
6
Let c(r) = 51*r**2 - 7*r - 2. Suppose 27 = v + 8*v. What is the hundreds digit of c(v)?
4
Let r(x) be the second derivative of x**5/60 - x**4/4 - 7*x**3/6 - 17*x**2/2 + 7*x. Let v(i) be the first derivative of r(i). What is the units digit of v(11)?
8
What is the units digit of 30/9*609 + (-5)/((-15)/3)?
1
Let c(k) = 42*k - 8. Suppose 9*q + 6*q = 0. Let u be (1 + q)*(21 + -17). What is the hundreds digit of c(u)?
1
Let l = -16621 - -25740. What is the tens digit of l?
1
Let h = -233 - -234. What is the units digit of 1/h + 0 - (42 - 221)?
0
Let d be (4*2/12)/(22/495). Suppose 0*i = -3*i + d. Suppose c = -i*c + 780. What is the units digit of c?
0
Let c = -44 + 36. What is the units digit of 28/(-4) - (-1874 - c)?
9
Let b(r) = 44*r + 72. Let f be b(11). Suppose -18*i + f = -17*i. What is the hundreds digit of i?
5
Let t be 3777/39 - (-6)/39. Suppose -1733 = -6*m + t. What is the tens digit of m?
0
Suppose 3*u = -f + 2, u + 26 = f + 4*f. Let i be 1/(-2) + 7*u/(-2). Suppose -i*c + 11 = 2, -4*g + 5*c + 21 = 0. What is the units digit of g?
9
Let v(g) = -g**2 - 4*g + 5. Let n be v(-5). Suppose n = -2*h + 33 - 115. Let y = 37 - h. What is the units digit of y?
8
Suppose -l + 3854 = 3*o, -3*o + 5*l + 3566 = -258. Let j = o - 858. What is the tens digit of j?
2
Suppose -2*m + 635 = 4*k - 6907, 0 = -k - 3*m + 1893. What is the hundreds digit of k?
8
Suppose y - z = 34778, -66*z = 4*y - 64*z - 139064. What is the ten thousands digit of y?
3
Let f(u) = 505*u + 8. Let q(t) = -1511*t - 24. Let b(x) = -7*f(x) - 2*q(x). What is the units digit of b(-1)?
5
Let c be (-2)/(-16) + 217/56 + 0. Suppose -c*v = -7*v + 5*r + 2881, -3*r = 15. What is the tens digit of v?
5
Let i(d) = d**2 + d - 1. Let j be i(0). Let y be j + ((-500)/4)/(-5). Let p = y + -20. What is the units digit of p?
4
Let x(g) = g**2 + 4*g - 14. Let t be x(-6). Let b be -4 + (t - -8 - 2). Suppose 2*f = 5*l - b*l + 35, 2*f - 26 = 2*l. What is the tens digit of f?
1
Let b(c) = -357*c - 19. Let q be b(-4). Suppose 3*p - q = 343. What is the hundreds digit of p?
5
Suppose 0 = 12*d - 1409 - 31. Let t be (-7848)/d*20/(-2). Suppose 0 = 6*q - 3*q - t. What is the tens digit of q?
1
Let z = 338 - -72. Let d = -6 + 6. Suppose 4*m - x - z + 78 = d, 0 = 3*m + 3*x - 234. What is the units digit of m?
2
Let p(o) = o**3 - 17*o**2 - 27*o + 79. Suppose -2*z + 2*c + 38 = 7*c, -76 = -4*z - 2*c. What is the units digit of p(z)?
8
Let m(q) = -55*q + 6. Let z be m(-4). Let b = 503 - z. What is the tens digit of b?
7
Let v = -4237 + 4370. What is the tens digit of v?
3
Let g = 11745 - -6190. What is the tens digit of g?
3
Let t(z) = 7*z**2 + 5*z - 10. Let y be -1*(-54)/(-5 - -3). Let d be ((-9)/y)/((-1)/(-12)). What is the tens digit of t(d)?
2
Let z(d) = 4*d - 22. Let r(q) = -1. Let a(m) = -12*r(m) - z(m). Let t(x) = -36*x + 366. Let l be t(10). What is the units digit of a(l)?
0
Let l(y) = 47*y**2 - 85*y + 857. What is the hundreds digit of l(15)?
1
Suppose 0 = 22*t - 26*t + 8. Let l be (-19240)/55 - t/(-44)*-4. Let w = -179 - l. What is the units digit of w?
1
Let w = 91275 - 60917. What is the hundreds digit of w?
3
Suppose 3*v + 2*z = 38801, -19*v - 2*z = -15*v - 51734. What is the thousands digit of v?
2
Suppose -230*w + 264*w = 337144. What is the units digit of w?
6
Suppose 950*g - 946*g - 8 = 0. Let m(s) = 156*s + 53. What is the units digit of m(g)?
5
Let q(d) be the third derivative of -d**6/40 + d**5/30 + d**4/24 - d**3 - 21*d**2. Let u be q(3). Let k = 56 - u. What is the units digit of k?
2
What is the thousands digit of (5103 - 1*-1)/(1350/(-60) + 23)?
0
Suppose -14068 = w - 3*w + q, 3*w - 21116 = 5*q. What is the thousands digit of w?
7
Let t be 3*(2176/24 + 6). Let g be 6 + -8 + (-196)/(-2). Let k = t - g. What is the hundreds digit of k?
1
Let s = -31 + 40. Suppose s*q = 8 + 10. Suppose -37 = -5*g + 4*w, 4*g - q*w - 1 = 5*g. What is the units digit of g?
5
Let x(y) = -3*y - 13. Let u be x(-7). Suppose -5*w = -w - u. Suppose 3*r + 271 = 3*n + n, w*r = 4*n - 270. What is the units digit of n?
7
Suppose -15*f + 217942 + 99383 = 0. What is the ten thousands digit of f?
2
Suppose -5*p + 0*p = u - 41, 0 = 2*p + 5*u + 2. Suppose -3*y = -0*y + p. Let r(q) = 10*q**2 - 4*q - 8. What is the units digit of r(y)?
4
Let u be -3 + (2 - -2) + 2953. Suppose -3*r - 4*t + u = 0, -5*r = 4*t - 3544 - 1382. What is the tens digit of r?
8
Let k(b) = 27*b**3 - 7*b**2 + 32*b - 11. What is the units digit of k(5)?
9
Let c be 185/10*-2 + (-2)/1. Let b = -34 - c. Suppose b*d - 202 = -3*m - 14, d + 304 = 5*m. What is the units digit of m?
1
Suppose 0 = -1102*t + 1101*t + 18497. What is the hundreds digit of t?
4
Suppose 4*r - 42054 = n + 28811, -n = 5*r - 88570. What is the hundreds digit of r?
7
Suppose 45125 = 3*x - u, -5*x + 30835 + 44378 = -4*u. What is the units digit of x?
1
Suppose -52*d - 88838 = -399902. What is the thousands digit of d?
5
Let h(s) = 3*s**2 - 3*s. Let c be h(2). Suppose -c = -2*k + y, k - y + 14 = 4*k. Suppose -10 = -k*z + 34. What is the tens digit of z?
1
Let a be (-165)/(-25) - (-2)/5. Let w be a/2*6*(-40)/(-84). Suppose 559 = -w*k + 2139. What is the units digit of k?
8
Let f = 267 - -170. Suppose -13*i - f + 5156 = 0. What is the units digit of i?
3
Suppose 5*k - 1885 = -3*a, -4*k - a + 1515 = -0*k. Let f = 607 - k. What is the hundreds digit of f?
2
Let r(n) = 23107*n + 271. What is the ten thousands digit of r(1)?
2
What is the thousands digit of 284406/10 - (144/(-30))/12*1?
8
Let z = 178 - 174. Suppose -o = -3*b - 215, 0*o - o = z*b - 180. What is the tens digit of o?
0
Let n = 233 + -181. Let o = n - -59. What is the hundreds digit of o?
1
Suppose -47*j + 42*j - 140 = 0. Let v = 19 + j. Let